4*v, -3*i + 0*i = 5*v - w. Suppose -102 = 5*u - i*u. List the prime factors of u.
2, 17
Let w be -11 - -5 - (1 + 0). Let b = w - -31. Suppose 3*n + 40 = 2*t, b = -4*t - 3*n + 122. What are the prime factors of t?
23
Let o = -49 + 52. Suppose 3*l = 5*f - 506, 5*f - 4*l - 511 + o = 0. What are the prime factors of f?
2, 5
Suppose -3*h + 6 = 0, -2*i - 5*h = -8 - 2. Suppose i*n = -3*n - 84. Let f = n - -30. List the prime factors of f.
2
Let a(l) = 11*l**2 + 5*l - 69. What are the prime factors of a(10)?
23, 47
Suppose 3*a + 2*z - 1113 = 0, 4*a + 4*z + 0*z = 1480. Let g be (-25)/10 + (-18)/12*3. What are the prime factors of (-2)/7 - a/g?
53
Suppose -10*o + 7*o = 72. Let l be (-6)/8*-4 + o. Let i = 34 + l. List the prime factors of i.
13
Suppose -3*y - 2 = -2*d, -4*d - 25 + 5 = 0. Let s = 7 + y. What are the prime factors of s/(-6) - 19/(-2)?
3
Let x = 7 - 4. Let j be 36 - 3*x/9. List the prime factors of (14/j)/(2/10).
2
Let d = 5564 - 3027. List the prime factors of d.
43, 59
Suppose -j + 15 = 7. List the prime factors of -3*((-7400)/15)/j.
5, 37
Suppose m + 4*i - 70 = 0, -2*m + 4*m = 3*i + 96. Suppose 0 = -2*t - y + 93, t - 10 = -4*y + m. Suppose t = 4*s - 8. What are the prime factors of s?
13
Let v(s) = -8*s - 60. List the prime factors of v(-21).
2, 3
What are the prime factors of (5 - (-104)/(-8)) + 3789?
19, 199
Let s(b) = b**2 + 4*b + 3. Let y be s(-3). Suppose y = 5*d + 4*i + 51 + 6, -3*d = -2*i + 21. What are the prime factors of (-2 + 5)*(-24)/d?
2
Let w = -1337 + 2954. What are the prime factors of w?
3, 7, 11
Let s(o) be the first derivative of -29*o**2/2 - 10*o + 38. List the prime factors of s(-5).
3, 5
Let i be (-1)/(-2) + (-9)/(-2). Suppose i*w + 3*v - 36 = 0, 5*w + v = -v + 34. What are the prime factors of (w/(-12))/((-1)/46)?
23
Suppose t - 3*s + 6 = 0, -t + 6 = 2*t + 3*s. Suppose t = -4*q + 335 - 31. What are the prime factors of q?
2, 19
Suppose 0 = 4*p + d - 20, -p + 2*d + 4 = -1. Let i(c) = c**3 - 4*c**2 + 2*c - 5. List the prime factors of i(p).
2, 3, 5
List the prime factors of 1854*(10 + (-136)/16).
3, 103
Suppose 0 = -2*u + 9 + 27. Suppose 370 = u*x - 13*x. List the prime factors of x.
2, 37
Suppose -16*y = -5963 - 549. List the prime factors of y.
11, 37
Let i(b) = -47*b + 33. List the prime factors of i(-28).
19, 71
Suppose 10*z + 8 = 38. Suppose 3*c - 330 = -z*x, 0*x + 226 = 2*x + 4*c. What are the prime factors of x?
107
Suppose 4*q = -20, -24*q = 3*l - 25*q - 656. List the prime factors of l.
7, 31
What are the prime factors of 1 + 2 - 8 - (-881)/1?
2, 3, 73
Let q = -1 - -51. List the prime factors of q.
2, 5
Suppose y - g = g - 7, g + 7 = 4*y. Suppose 79 + 26 = y*r + 4*s, -4*r + 4*s = -112. What are the prime factors of r?
31
Let j(i) = i**3 + i**2 - 1. Let m(k) = -5*k**3 - 5*k**2 - 3*k + 5. Let f(w) = 6*j(w) + m(w). Let v be f(3). Let l = 37 - v. List the prime factors of l.
11
Let y be 3 + (17 - 0/1). Suppose s = -3*s + y, 87 = 2*c + s. List the prime factors of c.
41
Let c(h) be the second derivative of 45*h**4/4 + 5*h**3/6 - 3*h**2 - 10*h. What are the prime factors of c(1)?
2, 67
Suppose 0 = 12*c - 29131 - 3377. What are the prime factors of c?
3, 7, 43
Suppose 6*t = 58 - 16. Suppose 31 = l - t. What are the prime factors of l?
2, 19
Let a = 45 + -40. Let u(z) = -z**2 - 6*z + 3. Let t be u(-6). Suppose -v - 11 = -t*v + j, 41 = a*v + 2*j. List the prime factors of v.
7
Let c(g) = g**2 - 2*g + 55. Let z be c(0). Suppose z = -3*o + 352. List the prime factors of o.
3, 11
What are the prime factors of ((-24)/16 + (-2113)/6)*-12?
2, 1061
Let f(h) = -4*h - 5. Suppose 16 = -3*z + 40. Let k = -11 + z. What are the prime factors of f(k)?
7
Suppose 33*n - 14771 = -4508. What are the prime factors of n?
311
Let y(l) = l**3 - 11*l**2 - 13*l + 15. Let z be y(12). Suppose 5*v = 4*s + 160, z = v + 4*s - 5. List the prime factors of v.
2, 7
What are the prime factors of (-2)/4 + -2 + 2562/4?
2, 11, 29
Let g(o) = o**3 - 21*o**2 - 16*o - 47. List the prime factors of g(22).
5, 17
Let z = -1178 + 1945. List the prime factors of z.
13, 59
Let f(d) = -200*d - 67. List the prime factors of f(-3).
13, 41
Suppose 0 = 3*u + b - 769, 0 = -4*u + b + 619 + 411. List the prime factors of u.
257
Let m = 9 + -14. Let j be (-9)/m*5*2. Let c = -10 + j. List the prime factors of c.
2
Let t be 2/(-1)*(-3 + 1). What are the prime factors of 56/t*5 - 1?
3, 23
Let z(t) be the first derivative of -t**3/3 - 17*t**2/2 - 11*t - 36. List the prime factors of z(-9).
61
Suppose -9*c + 10*c = 13. Suppose -v + 2*m = -0*v + c, m = 2*v + 14. Let b(a) = -a**3 - 4*a**2 + 3*a - 3. What are the prime factors of b(v)?
7
Let u(n) = 176*n - 14. List the prime factors of u(1).
2, 3
Suppose -6*k + 5399 = 2033. List the prime factors of k.
3, 11, 17
Let c = 5 - 2. Suppose -x + 5 + 7 = c*a, -x + 5*a - 20 = 0. Suppose x = -3*w + 11 - 5, -4*b - 2*w = -12. List the prime factors of b.
2
Let j(c) = 2*c - 35. Let f be j(19). Suppose 3*m + 151 + 323 = f*i, i = -3*m + 162. List the prime factors of i.
3, 53
Suppose -k = -4*h - 3723, k = -0*k - 9*h + 3736. List the prime factors of k.
3727
Let w(o) be the first derivative of -21*o**2/2 - 7*o - 10. List the prime factors of w(-4).
7, 11
Suppose -18477 = -4*k + f - 5469, -3*f = -4*k + 13008. What are the prime factors of k?
2, 3, 271
Suppose 2*x = -3 - 3. Let v be (-1)/(x*3/45). Suppose v*w = 285 + 75. List the prime factors of w.
2, 3
List the prime factors of 207/((-78)/(-126) + (-4)/14).
3, 23
Let y(q) = 30*q - 29. Let i = 93 - 86. What are the prime factors of y(i)?
181
Let z = -24 + 11. Let l = z + 18. Suppose l*m = 9*m - 100. List the prime factors of m.
5
List the prime factors of -3 - (-36)/(-24)*10508/(-6).
2, 41
Let v be 1/2 - (-14)/28. Let t be 6*(v/(-2) + 1). Suppose t*i - i = 116. List the prime factors of i.
2, 29
Let l(b) = 13*b**2 - 20*b - 3. What are the prime factors of l(12)?
3, 181
Let c be 4/(-16) + (-39)/(-12). List the prime factors of 371/c - (-4)/(-36)*-3.
2, 31
Suppose 250 = 3*c + 3*a - 1139, 2*a + 4 = 0. List the prime factors of c.
3, 5, 31
Let v = -39 + -55. What are the prime factors of (-1 - 2/(-4))*v?
47
Let x = -2 - -3. Let z be 14/5 + x/5. Suppose -z*v + 35 = p, 0 = 3*p - 4*v - 178 + 60. List the prime factors of p.
2, 19
Suppose 5*k + 0*k - 2*k = 0. Suppose 2*y = -2*f + 50, k*y - 44 = -2*f + y. What are the prime factors of f?
23
Let t(v) = -276*v - 75. List the prime factors of t(-7).
3, 619
Let d = 109 + -105. Suppose -d*m - r + 757 + 3 = 0, 382 = 2*m + r. What are the prime factors of m?
3, 7
Suppose 4*d - 3*z = -8*z + 8425, 2*d - z - 4209 = 0. List the prime factors of d.
5, 421
Let j(p) = p**3 + 15*p**2 + p + 37. Let m be j(-15). List the prime factors of m/6 + (-18)/(-54) + 331.
5, 67
Suppose -25 = -3*s + 4*s. Let f = 27 + s. List the prime factors of -2*1/f*-59.
59
Let u(f) = 3784*f + 74. What are the prime factors of u(1)?
2, 3, 643
Let f(d) = -19*d**2 + 6*d - 11. Let v(w) = -1. Let q(j) = -f(j) + 6*v(j). List the prime factors of q(2).
3, 23
Let v(t) = 2*t + 8. Let w be v(-4). Let r(p) = w + 5 + 2*p + p**3 + 8*p**2 - 3*p**2. What are the prime factors of r(-4)?
13
Suppose 5*c - x - 6440 = 0, -5*c - 5*x + 2*x = -6420. What are the prime factors of c?
3, 11, 13
Let c be 36/234 - (-108)/(-26). Let j be 16/104 - 119/13. List the prime factors of (-21)/(4 + j - c).
3, 7
Suppose 4*a - 4*d = 2812, 0 = 3*a + 3*d - 707 - 1402. What are the prime factors of a?
19, 37
Suppose 7*i - 12*i + 15 = 0. Suppose 8 = i*l + l. List the prime factors of l.
2
Suppose -10166 = 91*t - 137*t. What are the prime factors of t?
13, 17
Let z(j) = 4*j**2 + 1. Let n be z(1). Suppose n*f - 4*s - 1515 = 0, 5*s - 37 = -f + 266. List the prime factors of f.
3, 101
Suppose 5*d - 525 = q, 5*q - 391 = -7*d + 3*d. Let b = d + -66. What are the prime factors of b?
2, 19
Let z be 3 + (-3 - -1)/(-2). Suppose 8 = -4*c, z*r - 3*c = 3*r + 25. What are the prime factors of r?
19
Let p = 22 + -11. Let y = p - 8. Suppose 5*w - 56 = -u, 4*w + y*u - 10 = 26. What are the prime factors of w?
2, 3
Suppose -m + 0*m + 520 = 0. Suppose 150 + m = 5*c. Suppose 21 = 5*q - c. What are the prime factors of q?
31
Let n(u) = -9*u + 53. What are the prime factors of n(-5)?
2, 7
Let k(v) = -6*v + 83. Let a be k(14). Let h(m) = -40*m + 12. Wha